e 7, what is -631 - -3?
-625
In base 4, what is 10 - 10030?
-10020
In base 14, what is db - -4?
101
In base 8, what is -11 + 5?
-4
In base 13, what is -13 + -3?
-16
In base 10, what is 14 + 492?
506
In base 2, what is -110001001 - 0?
-110001001
In base 9, what is 3331 + -1?
3330
In base 15, what is 15 - -10?
25
In base 6, what is -1 + 12340?
12335
In base 6, what is -31 - 124?
-155
In base 6, what is -1034 + -110?
-1144
In base 11, what is 154 - -5?
159
In base 15, what is 4 - -1bd?
1c2
In base 12, what is 4 - -56?
5a
In base 13, what is -145 - -5?
-140
In base 3, what is -1100002 - -12?
-1022220
In base 3, what is -2221 - -2?
-2212
In base 6, what is -1 - 355?
-400
In base 15, what is 0 - 77?
-77
In base 10, what is -9957 + 2?
-9955
In base 8, what is -6 - -1234?
1226
In base 6, what is 1 + 53?
54
In base 8, what is 163 + -243?
-60
In base 11, what is 5 - 93?
-89
In base 4, what is 103 + 10?
113
In base 8, what is 4 - -200?
204
In base 11, what is 5 + 99?
a3
In base 3, what is -11220 + -12?
-12002
In base 11, what is 132 + 5?
137
In base 4, what is 0 + 2313?
2313
In base 15, what is -17 + 4?
-13
In base 10, what is 0 - 1703?
-1703
In base 9, what is -1 + 33?
32
In base 7, what is 4 + 12000?
12004
In base 9, what is 430 - -44?
474
In base 6, what is 21 + 545?
1010
In base 10, what is 136 - -48?
184
In base 12, what is 3 + -a40?
-a39
In base 4, what is -1001 + 1022?
21
In base 16, what is -3d - -67?
2a
In base 14, what is 0 - -b7?
b7
In base 11, what is 3 - -118?
120
In base 15, what is -2 - -181?
17e
In base 3, what is 11221022 - 1?
11221021
In base 8, what is 54 + -6?
46
In base 10, what is -1 + 183?
182
In base 2, what is 110110 + -100000?
10110
In base 14, what is 19 - 29?
-10
In base 5, what is -3304 + -1?
-3310
In base 3, what is -221 - -21101?
20110
In base 12, what is 156 + -3?
153
In base 6, what is -13 - 202?
-215
In base 6, what is 312 - -2?
314
In base 15, what is 255 + -1?
254
In base 15, what is a + 4a?
55
In base 16, what is b4 - 0?
b4
In base 12, what is -5 - 45?
-4a
In base 10, what is -1 - 494?
-495
In base 6, what is -2 + -150?
-152
In base 2, what is 11010000001 + -1000?
11001111001
In base 7, what is -222 - 0?
-222
In base 7, what is -21 - -236?
215
In base 16, what is 31e + -5?
319
In base 4, what is 31 + 22033?
22130
In base 10, what is -1 - 0?
-1
In base 14, what is -a5 + 6?
-9d
In base 7, what is -21 - 222?
-243
In base 6, what is 10 - -113?
123
In base 9, what is -2 + 46?
44
In base 14, what is -7 + 7d6?
7cd
In base 14, what is -14 - -303?
2cd
In base 10, what is -79 + 38?
-41
In base 10, what is 1 - -18?
19
In base 14, what is 324 - -c?
332
In base 13, what is -30 - -3?
-2a
In base 14, what is -493 - -7?
-48a
In base 3, what is -10 + -10110?
-10120
In base 8, what is 11 + -1421?
-1410
In base 10, what is 0 - -629?
629
In base 16, what is 21 + -27?
-6
In base 13, what is 2 + -8c?
-8a
In base 4, what is -10 - -332010?
332000
In base 16, what is -39 - -5?
-34
In base 10, what is 51 - 77?
-26
In base 3, what is -121000102 - -11?
-121000021
In base 11, what is -1 - 11a5?
-11a6
In base 16, what is -1 + -1d?
-1e
In base 8, what is 1701 + 2?
1703
In base 11, what is 48a - 3?
487
In base 10, what is 17 + 22?
39
In base 10, what is 112 - -19?
131
In base 8, what is -550 - 17?
-567
In base 13, what is 12 + -16?
-4
In base 15, what is 86 + -b?
7a
In base 2, what is 1100100001100000 + -1?
1100100001011111
In base 8, what is -204 + 1?
-203
In base 4, what is 1 + 13032?
13033
In base 5, what is -1113 + -22?
-1140
In base 16, what is -27 - 3c?
-63
In base 8, what is -4 - 33?
-37
In base 6, what is 3 + 2550?
2553
In base 9, what is -2 + -165?
-167
In base 7, what is 105 - 11?
64
In base 6, what is -24001 + -2?
-24003
In base 7, what is 1 - -52?
53
In base 10, what is 730 - -6?
736
In base 11, what is 6 + -340?
-335
In base 4, what is 3 + -1313313?
-1313310
In base 3, what is -12 - -2212021?
2212002
In base 6, what is 10 + -10052?
-10042
In base 5, what is 1 + -311?
-310
In base 6, what is -50 - -12?
-34
In base 11, what is -2 - -18a5?
18a3
In base 4, what is -2 + 133?
131
In base 16, what is ce + -4?
ca
In base 7, what is -1321 + -1?
-1322
In base 11, what is 17 - -12?
29
In base 2, what is 1101 + 1100100?
1110001
In base 7, what is 3645 - 3?
3642
In base 5, what is 24 - 30?
-1
In base 13, what is -9 + -b6?
-c2
In base 12, what is -456 + 5?
-451
In base 12, what is 2 - -124a?
1250
In base 5, what is 4021 + -3?
4013
In base 10, what is 3 - -135?
138
In base 6, what is 2 - -42445?
42451
In base 6, what is -4 - 10?
-14
In base 15, what is -de + 2?
-dc
In base 12, what is b - -220?
22b
In base 15, what is 5 + -b7?
-b2
In base 15, what is 63 - -5?
68
In base 5, what is 100120 - -1?
100121
In base 11, what is 12 + -1?
11
In base 9, what is 40667 - 1?
40666
In base 2, what is 101 + -101000001011?
-101000000110
In base 14, what is 4 + -125?
-121
In base 6, what is 2335 + 3?
2342
In base 15, what is 225 - -5?
22a
In base 7, what is 1256 - 10?
1246
In base 7, what is 13 - 1360?
-1344
In base 13, what is -4 - 21?
-25
In base 11, what is 119 + -1?
118
In base 6, what is 1 - -510?
511
In base 15, what is -5 + 3c?
37
In base 10, what is 4 + -129?
-125
In base 15, what is 7 + 44?
4b
In base 15, what is -5 + 5d?
58
In base 8, what is 26 + 10?
36
In base 15, what is 2 + -b?
-9
In base 5, what is 12 - 222?
-210
In base 12, what is 6 - -4?
a
In base 3, what is 20 + 22110?
22200
In base 16, what is 0 + -2e9?
-2e9
In base 12, what is -167 - -1?
-166
In base 7, what is 4 + 100?
104
In base 6, what is -4 + -13315?
-13323
In base 7, what is 413 - 1?
412
In base 14, what is 25a + -5?
255
In base 4, what is -101021 + -11?
-101032
In base 13, what is 4 + 383?
387
In base 14, what is -50a - -4?
-506
In base 14, what is 1 - 698?
-697
In base 10, what is 3 + -27?
-24
In base 9, what is 2 + 3320?
3322
In base 16, what is e7 - -3?
ea
In base 8, what is -1567 - -3?
-1564
In base 12, what is -2a5 - 5?
-2aa
In base 12, what is -41 - -3?
-3a
In base 3, what is -10011 - 12?
-10100
In base 15, what is 1 + -b?
-a
In base 10, what is -30 - 2?
-32
In base 11, what is 4 - 2a?
-26
In base 3, what is 110 - 201?
-21
In base 16, what is 182 - -36?
1b8
In base 14, what is d - 1b3?
-1a4
In base 7, what is 13 - 32?
-16
In base 16, what is -22 + -6?
-28
In base 6, what is -11055 - 0?
-11055
In base 14, what is -1 - -2b?
2a
In base 5, what is -14002 + 10?
-13442
In base 15, what is -4 - -e?
a
In base 9, what is 628 + 3?
632
In base 10, what is 109 - -218?
327
In base 12, what is -6 + 1a6?
1a0
In base 16, what is 84d + -2?
84b
In base 11, what is 10 + -a?
1
In base 10, what is 5 - -13?
18
In base 5, what is -1120 + 11?
-1104
In base 2, what is 110100101 + 1100?
110110001
In base 3, what is -1 + -11202?
-11210
In base 9, what is -1022 + -3?
-1025
In base 13, what is -67 + 5?
-62
In base 9, what is 561 + 3?
564
In base 14, what is c - -96?
a4
In base 8, what is 1553 + -3?
1550
In base 7, what is 14124 - 12?
14112
In base 14, what is -3474 + 5?
-346d
In base 11, what is 353 + -5?
349
In base 12, what is 178 + -17?
161
In base 10, what is 0 - 9?
-9
In base 8, what is 1 - -13?
14
In base 10, what is -55 - 16?
-71
In base 13, what is 17c - -5?
184
In base 3, what is 0 + 211?
211
In base 9, what is -13744 + -4?
-13748
In base 9, what is 8 - -41?
50
In base 3, what is 10202 - 11?
10121
In base 12, what is -1 + 690?
68b
In base 5, what is 22032 + 1?
22033
In base 7, what is -4 + -34?
-41
In base 15, what is -4 - 30?
-34
In base 5, what is -10 - -122?
112
In base 8, what is 346 - 1?
345
In base 12, what is 195 - 5?
190
In base 12, what is -4 + 367?
363
In base 2, what is -1000 + -1011010?
-1100010
In base 6, what is 1202 + 123?
1325
In base 3, what is -112020 - 0?
-112020
In base 7, what is -30 - 4?
-34
In base 12, what is 5 - 22?
-19
In base 10, what is -8279 + 5?
-8274
In base 8, what is -11 + -271?
-302
In base 11, what is 5 - 50?
-46
In base 5, what is 0 - 141?
-141
In base 8, what is -1712 + -4?
-1716
In base 14, what is -d1 + -5?
-d6
In base 12, what is -16a - 111?
-27b
In base 15, what is -4 - 9?
-d
In base 8, what is -3 - -1425?
1422
In base 4, what is -202122 + -1?
-202123
In base 12, what is 770 - -5?
775
In base 5, what is 103023 + 0?
103023
In base 12, what is 2 - -65?
67
In bas